 n) + 3 + 0 prime?
False
Let w = -2 + 4. Suppose 5*m - 14736 = 4139. Suppose 3*c - m = -w*c. Is c a composite number?
True
Is -14 - (-2 + -2) - -22309 a prime number?
False
Is -4 + (8 + -9)/((-5)/70375) prime?
True
Let w = 86918 + -29297. Is w a prime number?
False
Suppose 10*c - 5*c = -1250. Let u = 411 + c. Is u composite?
True
Let o be 12 + (-8)/(-4) - -1. Let u = o + -10. Suppose j + 4*m + 131 = 2*j, 2*m - 633 = -u*j. Is j a composite number?
False
Let j = 593 + -2725. Let r = -1465 - j. Is r composite?
True
Let z(i) = 3*i**2 + 22*i - 125. Is z(34) composite?
False
Let s(z) = -5*z**3 - 26*z**2 + 4*z - 17. Is s(-12) a prime number?
True
Let u(g) = 72*g + 7. Let i(o) = -36*o - 3. Let w(c) = -7*i(c) - 4*u(c). Let m be w(-3). Suppose -t + 2*x = -2*t + m, x + 95 = t. Is t a prime number?
True
Let k = -733 + 10254. Is k a prime number?
True
Suppose -5*t + 48965 = -0*t - 3*v, 4*t + 5*v = 39209. Suppose -4*k - 12245 = -5*r, -r = -5*r + 2*k + t. Is r prime?
False
Let f = -24 - -19. Let c be (-4)/(-10) + (-13)/f. Suppose 0 = -3*v + 3*m + 1165 - 274, c*v - 2*m = 889. Is v a prime number?
False
Is (-5)/15*(-2 + -23719) prime?
True
Let u = -3 - -9. Let t(o) = -o**2 + 8*o - 17. Let c be t(u). Is 3 + 1 + c - -32 a prime number?
True
Let c(s) = 102*s**2 - s + 4. Let w be c(-3). Let r = -362 + w. Is r a composite number?
False
Suppose -4*c + 2 = 3*x - 8, 0 = -2*x + 2*c - 12. Is x/3 + (58448/12)/4 prime?
True
Suppose 0 = -y + 2*r + 4, 5*y - r - 16 = -5. Suppose -2*o + 2*f = y, 4*o - 3 = 5*o - 3*f. Is o/16 + (-3794)/(-2) a composite number?
True
Let s(v) = 45*v**2 - 2*v + 31. Let t(p) = 44*p**2 - 3*p + 32. Let z(q) = 3*s(q) - 2*t(q). Is z(-6) a composite number?
False
Is (-59910)/(-4) - 7/14 composite?
True
Let z(m) = -m**3 - 9*m**2 + 10*m + 1. Let y be z(-10). Is (y/(-4))/(14/(-55832)) prime?
True
Let b(g) = -g**3 - 2*g**2 - g. Let r be b(-2). Suppose 0 = -3*c - 12, i + 5*c = r*i - 2353. Is i prime?
True
Let t(q) = 631*q**2 - q - 1. Let g(b) = 3*b - 13. Let u be g(4). Is t(u) prime?
True
Suppose -2*r - 2*r + 8 = 0. Suppose -2*j - 577 = -3*z, -4*j = -j + 6. Suppose -u = -r*u + z. Is u prime?
True
Let g(m) = 89*m - 34. Is g(19) prime?
True
Suppose 25501 = 10*g - 177869. Is g a prime number?
False
Suppose -z = 64*t - 69*t + 114644, 5*t = -5*z + 114650. Is t a composite number?
True
Let t be (3 - 1)/(10/75). Let r(z) = -z**3 + 16*z**2 - 16*z + 17. Let a be r(t). Suppose 5*q = a*h - 31, 6 + 7 = h - 2*q. Is h composite?
False
Suppose -5*a = -3*a + 2*p + 1154, 4*a + 2308 = -2*p. Let k = 112 - a. Is k a prime number?
False
Suppose 0 = 3*c - 5*x - 886, 0 = -4*c - 5*x + 1779 - 586. Let z = c - 106. Is z a composite number?
False
Let g be 6/2 - 5 - -1. Let j be g*((-2)/2 + 2). Is ((-2755)/(-20))/(j/(-4)) a prime number?
False
Let p(t) = -7*t**3 - 2*t**2 + 2*t - 3. Let n(r) = -22*r**3 - 5*r**2 + 5*r - 8. Let a(w) = -4*n(w) + 11*p(w). Let z be a(2). Let b = -46 + z. Is b prime?
True
Let r(o) = 49*o**2 + 326*o**2 + o + o - 2 + 66*o**2. Is r(2) composite?
True
Let a(y) = 9*y**2 + 2*y + 4. Let u be (-4)/(-6) - (-140)/6. Suppose -27*v + u*v = -9. Is a(v) a prime number?
False
Suppose 3*j + 4068 = 57. Suppose -4*u - 2*r = -8536, 2*u + 3*r + r = 4268. Let f = j + u. Is f composite?
False
Let m = 48681 + -27740. Is m composite?
True
Let g(f) be the third derivative of 43*f**5/30 + f**4/12 + f**3/6 - 14*f**2. Is g(-2) a composite number?
True
Suppose 4*b - 5*r = -r + 24, 0 = 5*b + r - 54. Let p be b/(0 - -2) - 2. Suppose 7*f - p*f = 1388. Is f composite?
False
Suppose -2*m + 5*r + 109395 = 29348, -200146 = -5*m + 3*r. Is m prime?
True
Let w = 2719 + 2268. Is w prime?
True
Let h(c) = c**2 - 2*c**2 + 4 + 4*c - 5*c**3 - 4*c**2 - c. Let q be h(-4). Suppose s - q = -3*s. Is s prime?
False
Suppose -25 = -7*x + 2*x. Suppose 0 = -3*s + x*s - 470. Is s prime?
False
Suppose 0 = -5*o + 5*u - 5290, -2*o - 4*u + 106 = 2246. Let m = o - -1531. Is m composite?
True
Let l be 291 + (-4)/(-1) + 1/(-1). Let a = l - 32. Is a composite?
True
Let g(t) = 42 - 8 - 3 + 12*t + 7*t**2 - 14. Is g(-10) prime?
False
Let o be (-4)/(-10) - (-8)/5. Let y(p) = 4*p**2 + 8*p - 2. Let n(c) = c**2 + c + 1. Let u(q) = o*y(q) - 6*n(q). Is u(-8) prime?
False
Let f(k) = k**3 + 11*k**2 - 17*k - 12. Let x be f(-12). Let q = 8 + -4. Suppose 0 = -q*j + 4*i + x, -68 = -5*j - 0*i + i. Is j a prime number?
False
Let r = 138 - -111. Let k = 5 - 0. Suppose -16 - r = -k*b. Is b prime?
True
Let l = 26502 + -16775. Is l a prime number?
False
Let r(h) = 2*h**2 - 202*h**3 - 29*h**3 - 34 + 33 - 80*h**3. Is r(-2) a prime number?
False
Let n(u) = u**3 + 5*u**2 - 6. Suppose 12 = 5*y + 57. Let l be n(y). Is (-2)/(-6) + l/(-9) composite?
False
Let x = 711 - -1868. Is x a composite number?
False
Let p be ((-6)/15)/(3/(-15)). Let i be 1/p - 1177/(-2). Suppose -3*b + j + i = 2*b, 3*b - j - 353 = 0. Is b a composite number?
True
Let m(v) = -2772*v + 13. Is m(-2) composite?
False
Suppose -32*o + 93800 = -502584. Is o composite?
False
Let g be ((-3)/(-1))/((-6)/12). Let k(r) = 7*r**2 - 8*r + 3. Let t be k(g). Suppose -b - 52 + t = 0. Is b a composite number?
False
Let x = -7033 - -15516. Is x prime?
False
Suppose 3*u = 5*q - 2*q, -24 = -3*q - 3*u. Let x be 2/8 + -1*(-8)/(-32). Suppose x = -3*m - q*l + 87, 10 + 20 = m + l. Is m a prime number?
False
Let s = -43 - -165. Is 3/6 - s/(-4) a composite number?
False
Let g(i) = -i**3 + 3*i**2 + 5*i - 5. Let c be g(2). Let l(h) = h**3 + 9*h**2 + 21*h - 10. Is l(c) a composite number?
False
Let y be (696/10)/((-1)/5). Suppose 0 = 4*w - 85 - 2995. Let b = y + w. Is b composite?
True
Is (9609/6)/(9/(-18) + 1) prime?
True
Let x = -18 + 22. Suppose 0 = g + x, 2*c + c - 5*g - 5315 = 0. Is c a composite number?
True
Let s(n) = 30*n - 11. Let a be s(6). Let y = a + -90. Is y prime?
True
Let k(h) = -9*h + 14. Let f be k(7). Let v = 34 + f. Is (-2)/(-3) + (-1775)/v a prime number?
False
Let z(b) = 9 + 10 - 196*b - 14. Is z(-3) a prime number?
True
Is 2/18 + (-25)/((-2925)/320684) prime?
True
Let y be 2*(1 - 2/4). Let u be 1/(3/402*2). Is 1 + u/y + -1 composite?
False
Let d be (-8)/10*(-75)/(-10). Let k = 5 + d. Is 0 + (k - 2) - -240 a composite number?
True
Let l = -657 + 22. Suppose -7*m - 1152 = -3*m. Let a = m - l. Is a a composite number?
False
Let r(s) = s**2 + 10*s + 15. Let h be r(-7). Let m = h - -229. Is m composite?
False
Let y be (-2 + (-7 - -3))/(-2). Suppose -3*m + 692 + 175 = -3*r, 0 = y*r. Is m prime?
False
Let x(j) = -5*j**2 - 8*j + 6. Let p(a) = 14*a**2 + 23*a - 17. Let t(m) = 6*p(m) + 17*x(m). Let g be t(3). Let k(z) = 24*z**2 + z - 2. Is k(g) a prime number?
True
Let u = 38839 - 25302. Is u composite?
False
Let p be (-10 - -9 - (-38)/14)*7. Is (-1010)/(-4) - (-18)/p prime?
False
Let v be 512/(-2) - (-3 + 5). Let u = v - -377. Is u a prime number?
False
Is -3*((-598)/6*7 - 2) composite?
False
Let n(w) = 5284*w + 79. Is n(3) a prime number?
False
Suppose v + 6 = 7. Suppose 0 = -5*n - v + 16. Suppose 2*z - 3*a = 932, 0 = z - 6*z - n*a + 2351. Is z a prime number?
False
Suppose 4*r + r - 25 = 0. Let l(d) be the third derivative of 113*d**4/24 - 8*d**2. Is l(r) a prime number?
False
Let n = 102 + 39. Is n composite?
True
Let v = -122 - -121. Is 706 - -2*v/(-2) a prime number?
False
Let b(f) be the second derivative of 305*f**4/6 + f**2/2 + 15*f. Is b(1) composite?
True
Suppose 81 + 215 = 4*q. Suppose -10 = -6*w + q. Is 959/w - 2/(-4) composite?
True
Let h(w) = -w**3 + w + 1. Let c(g) = -2*g**3 - 3*g**2 + 6*g + 3. Let r(m) = c(m) - 4*h(m). Let d(v) = -v. Let a be d(-2). Is r(a) a prime number?
True
Suppose -s = n - 1, -45 = 5*n - 4*s - s. Let w be (7/1)/((-2)/n). Let q = 99 - w. Is q prime?
False
Let n = -632 - -1158. Is n composite?
True
Let n be (-1)/(1 - (-10)/(-8)). Is 83*n/(4/1) a prime number?
True
Suppose -11*u + 9388 = -27429. Is u composite?
False
Suppose 5*n = -0*t + 3*t - 12, 0 = -4*n + 3*t - 12. Suppose w = 2 - n. Is w composite?
False
Suppose 777 = -3*k - 4*t, -4*k - 827 = t + 222. Let c = -121 - k. Suppose -193 = -y + c. Is y prime?
False
Let p(u) = -u**3 + 5*u**2 + u + 25. Let q be p(6). Let y(d) = -16*d - 23*d - d - 1. Is y(q) prime?
True
Suppose -3*h - 1 = -2*h + 4*r, h + r + 1 = 0. Let b(z) = -z**2 + z + 1. Let x(n) = -319*n**2 - 3*n - 3. Let l(s) = h*x(s) - 4*b(s). Is l(-1) a 